e 5) to base 16.
-46
Convert -57 (base 14) to base 7.
-140
What is 5 (base 9) in base 5?
10
What is 1c (base 14) in base 6?
42
-23 (base 13) to base 9
-32
What is -145 (base 6) in base 9?
-72
Convert -3 (base 10) to base 2.
-11
What is 3 (base 5) in base 16?
3
What is -100 (base 3) in base 2?
-1001
-103 (base 5) to base 7
-40
Convert -3 (base 6) to base 15.
-3
Convert -3 (base 4) to base 7.
-3
Convert -2 (base 12) to base 4.
-2
What is 2 (base 6) in base 16?
2
0 (base 7) to base 12
0
Convert -4 (base 11) to base 10.
-4
428 (base 9) to base 15
185
What is -111 (base 3) in base 7?
-16
-12 (base 3) to base 2
-101
-d (base 16) to base 12
-11
-1 (base 6) to base 8
-1
-67 (base 14) to base 8
-133
What is 54 (base 11) in base 4?
323
What is -130 (base 7) in base 3?
-2121
What is 128 (base 10) in base 15?
88
Convert -131 (base 12) to base 4.
-2311
What is -1211 (base 4) in base 8?
-145
a (base 12) to base 10
10
d (base 16) to base 4
31
2a (base 14) to base 13
2c
What is -111010 (base 3) in base 7?
-1014
Convert 4 (base 15) to base 7.
4
6 (base 11) to base 2
110
Convert 101 (base 2) to base 10.
5
0 (base 9) to base 14
0
9 (base 11) to base 8
11
11 (base 3) to base 10
4
Convert -a (base 14) to base 4.
-22
What is 27 (base 8) in base 15?
18
9 (base 14) to base 16
9
What is 1 (base 15) in base 13?
1
3 (base 5) to base 12
3
What is 20 (base 3) in base 7?
6
Convert -5 (base 10) to base 3.
-12
Convert -1000 (base 3) to base 2.
-11011
What is d9 (base 16) in base 3?
22001
-2 (base 6) to base 10
-2
What is -1 (base 3) in base 2?
-1
Convert -11 (base 16) to base 12.
-15
What is 116 (base 7) in base 11?
57
Convert -100 (base 11) to base 3.
-11111
What is 100 (base 2) in base 11?
4
What is -4 (base 8) in base 7?
-4
What is 6 (base 9) in base 14?
6
What is -6 (base 15) in base 14?
-6
What is 0 (base 14) in base 5?
0
Convert 3 (base 10) to base 2.
11
What is 26 (base 16) in base 3?
1102
What is 10110 (base 2) in base 16?
16
Convert -13 (base 4) to base 9.
-7
Convert 110 (base 2) to base 6.
10
What is -3 (base 10) in base 4?
-3
-10010111 (base 2) to base 5
-1101
What is -10 (base 4) in base 15?
-4
Convert 6 (base 10) to base 12.
6
What is 10 (base 10) in base 14?
a
What is 0 (base 16) in base 8?
0
a (base 15) to base 10
10
Convert 13 (base 4) to base 11.
7
What is 2 (base 8) in base 13?
2
Convert 12112 (base 3) to base 15.
9e
Convert -2 (base 11) to base 8.
-2
What is 12 (base 15) in base 12?
15
What is 2 (base 13) in base 11?
2
Convert -18 (base 12) to base 8.
-24
Convert -56 (base 13) to base 12.
-5b
9 (base 13) to base 11
9
3 (base 14) to base 5
3
Convert 102 (base 8) to base 13.
51
What is -10 (base 7) in base 10?
-7
234 (base 5) to base 8
105
100 (base 2) to base 14
4
Convert 31 (base 11) to base 14.
26
3 (base 5) to base 15
3
19 (base 14) to base 15
18
Convert 1 (base 10) to base 12.
1
-134 (base 7) to base 9
-82
What is -443 (base 9) in base 3?
-111110
What is 3 (base 14) in base 9?
3
What is -12102 (base 3) in base 10?
-146
-1 (base 8) to base 9
-1
-50 (base 10) to base 5
-200
Convert -13 (base 11) to base 8.
-16
What is 20 (base 4) in base 9?
8
-4 (base 10) to base 3
-11
What is -81 (base 10) in base 15?
-56
Convert -4 (base 8) to base 15.
-4
5 (base 15) to base 13
5
-110000 (base 2) to base 16
-30
101001111 (base 2) to base 5
2320
What is 0 (base 13) in base 12?
0
5 (base 14) to base 11
5
-12 (base 11) to base 5
-23
What is -10 (base 15) in base 2?
-1111
-3 (base 9) to base 5
-3
-c (base 15) to base 9
-13
What is 252 (base 7) in base 9?
160
Convert -3 (base 12) to base 7.
-3
Convert 3 (base 4) to base 11.
3
-4 (base 12) to base 14
-4
What is 30 (base 9) in base 4?
123
-3020 (base 4) to base 16
-c8
What is 6 (base 13) in base 9?
6
What is 0 (base 9) in base 8?
0
What is -2201 (base 3) in base 7?
-133
a (base 11) to base 4
22
0 (base 5) to base 11
0
205 (base 8) to base 5
1013
5 (base 12) to base 16
5
What is -1 (base 14) in base 7?
-1
-13 (base 6) to base 14
-9
What is 0 (base 8) in base 4?
0
What is 12 (base 6) in base 5?
13
What is 159 (base 12) in base 3?
21220
Convert 15 (base 12) to base 7.
23
-65 (base 8) to base 10
-53
What is -220 (base 4) in base 2?
-101000
What is 5 (base 13) in base 10?
5
1 (base 7) to base 16
1
Convert 31 (base 7) to base 10.
22
Convert -18 (base 9) to base 3.
-122
12 (base 14) to base 10
16
What is -69 (base 15) in base 16?
-63
What is -31 (base 6) in base 14?
-15
Convert -5 (base 9) to base 7.
-5
112 (base 4) to base 13
19
What is 7 (base 11) in base 10?
7
Convert 105 (base 11) to base 13.
99
-27 (base 10) to base 16
-1b
What is -110101 (base 2) in base 14?
-3b
Convert -3 (base 14) to base 11.
-3
-2 (base 8) to base 4
-2
Convert -1b (base 13) to base 4.
-120
Convert 73 (base 9) to base 7.
123
What is -1116 (base 7) in base 6?
-1513
Convert -6 (base 7) to base 3.
-20
What is -5 (base 7) in base 12?
-5
What is 10b (base 14) in base 5?
1312
Convert 5 (base 10) to base 14.
5
What is 101001 (base 2) in base 16?
29
What is 3 (base 4) in base 9?
3
What is 34 (base 10) in base 9?
37
What is -f4 (base 16) in base 3?
-100001
What is 45 (base 7) in base 5?
113
Convert 9 (base 16) to base 8.
11
Convert -88 (base 9) to base 13.
-62
What is -1 (base 4) in base 9?
-1
Convert 2 (base 3) to base 13.
2
What is -113 (base 5) in base 16?
-21
What is -46 (base 10) in base 5?
-141
1c (base 13) to base 3
221
What is 115 (base 8) in base 14?
57
What is -311 (base 4) in base 9?
-58
What is -56 (base 13) in base 3?
-2122
Convert 11112 (base 3) to base 12.
a2
What is -200 (base 4) in base 5?
-112
Convert -3 (base 14) to base 11.
-3
-108 (base 12) to base 6
-412
2 (base 16) to base 2
10
Convert 5 (base 15) to base 2.
101
-7a (base 15) to base 13
-8b
Convert 0 (base 3) to base 9.
0
Convert 1 (base 15) to base 6.
1
Convert -6 (base 10) to base 9.
-6
Convert 1 (base 2) to base 8.
1
What is 40 (base 8) in base 13?
26
What is 343 (base 5) in base 10?
98
Convert -11 (base 10) to base 4.
-23
What is 0 (base 12) in base 15?
0
Convert 60 (base 8) to base 13.
39
What is 39 (base 10) in base 2?
100111
Convert -1 (base 6) to base 7.
-1
What is -66 (base 9) in base 3?
-2020
1312 (base 4) to base 12
9a
What is -4 (base 8) in base 15?
-4
Convert 0 (base 3) to base 11.
0
Convert -20 (base 16) to base 7.
-44
What is -19 (base 13) in base 4?
-112
Convert -8 (base 11) to base 9.
-8
Convert -135 (base 7) to base 5.
-300
Convert 11 (base 8) to base 12.
9
Convert 73 (base 13) to base 12.
7a
What is -11001 (base 2) in base 16?
-19
1 (base 8) to base 10
1
4 (base 11) to base 12
4
-20 (base 3) to base 12
-6
Convert -3 (base 14) to base 11.
-3
-21 (base 3) to base 7
-10
What is -2 (base 3) in base 13?
-2
Convert -2c (base 16) to base 5.
-134
Convert -154 (base 13) to base 3.
-22211
What is -3 (base 6) in base 12?
-3
-2102 (base 5) to base 12
-1b1
Convert 8 (base 12) to base 13.
8
What is 1 (base 6) in base 15?
1
What is 13 (base 13) in base 12?
14
2 (base 8) to base 5
2
What is -101 (base 2) in base 6?
-5
Convert -11 (base 7) to base 4.
-20
-3 (base 12) to base 5
-3
What is -2 (base 9) in base 11?
-2
What is 136 (base 8) in base 11?
86
Convert 22 (base 7) to base 12.
14
What is -212 (base 3) in base 15?
-18
What is 3 (base 14) in base 7?
3
What is 135 (base 9) in base 2?
1110001
Convert 8 (base 9) to base 14.
8
1 (base 10) to base 11
1
What is -20 (base 4) in base 15?
-8
-4 (base 11) to base 6
-4
e (base 15) to base 3
112
Convert 30 (base 16) to base 10.
48
What is 100 (base 4) in base 9?
17
Convert -100 (base 3) to base 15.
-9
Convert -3 (base 5) to base 9.
-3
What is 7 (base 15) in base 11?
7
0 (base 16) to base 5
0
10 (base 2) to base 12
2
Convert -1 (base 8) to base 11.
-1
Convert 40 (base 10) to base 14.
2c
9 (base 15) to base 14
9
What is -21 (base 5) in base 16?
-b
Convert 12 (base 7) to base 5.
14
Convert -185 (base 11) to base 6.
-554
Convert 3 (base 13) to base 9.
3
Convert 0 (base 7) to base 10.
0
2000 (base 4) to base 12
a8
Convert 1 (base 16) to base 15.
1
-75 (base 11) to base 3
-10001
What is -12 (base 4) in base 16?
-6
What is -77 (base 13) in base 10?
-98
What is 1 (base 9) in base 8?
1
-122 (base 4) to base 6
-42
c (base 13) to base 11
11
What is 0 (base 15) in base 5?
0
Convert -32 (base 5) to base 4.
-101
What is -200 (base 4) in base 14?
-24
-1 (base 4) 